 f(x) = x + 2. Determine f(1).
3
Let h(v) = 2*v + 3. Calculate h(-8).
-13
Let u(l) = l**2 + 6*l - 2. Calculate u(-5).
-7
Let y(b) = -23*b + 177. Calculate y(8).
-7
Let t(n) = -2*n**2 + 15*n - 5. Determine t(6).
13
Let o(b) = 2*b**3 + 11*b**2 - b - 12. Give o(-5).
18
Let d(z) = -6*z + 15. Calculate d(2).
3
Let j(q) = 34*q**3 + q**2 - q + 1. Give j(1).
35
Let s(f) = f**3 + 7*f**2 + 16*f + 185. Give s(-8).
-7
Let v(n) = -n**3 - 13*n**2 - 8*n + 37. Determine v(-12).
-11
Let u(l) = l**3 - 6*l**2 + 6*l - 2. Calculate u(5).
3
Let a(c) = c**2 - 2*c - 48. What is a(10)?
32
Let k(w) = w**3 + 35*w**2 - 116*w - 86. Give k(-38).
-10
Let m(x) = -x**2 + 7*x - 4. What is m(7)?
-4
Let h(j) = -j**2 + 4*j + 39. Calculate h(9).
-6
Let s(p) = p**3 - 14*p**2 - 17*p + 34. Give s(15).
4
Let g(i) = -i**2 + 11*i + 5. Calculate g(10).
15
Let v(f) = -f**3 - 10*f**2 - 15*f + 7. What is v(-8)?
-1
Let m(i) = i**2 - 2*i - 21. What is m(5)?
-6
Let g(v) = -2*v - 37. Determine g(-20).
3
Let n(z) = z + 18. Give n(-6).
12
Let i(r) = -9*r - 38. What is i(3)?
-65
Let f(r) = -r**3 - 7*r**2 + 6*r + 3. Determine f(-4).
-69
Let y(t) = t**3 - 5*t**2 - t. Calculate y(6).
30
Let n(f) = -f**2 + 26*f - 32. Give n(26).
-32
Let z(d) = -15*d + 66. Calculate z(2).
36
Let u(h) = -h**3 + 14*h + 8. What is u(4)?
0
Let h(b) = b - 5. Give h(-10).
-15
Let g(v) = v**2 + 2*v - 78. Determine g(-10).
2
Let t(q) = -12*q + 20. Give t(-8).
116
Let p(r) = -r**3 + 16*r**2 + 2*r - 31. Give p(16).
1
Let g(k) = -31*k - 284. Give g(-9).
-5
Let z(a) = -a - 9. Give z(0).
-9
Let m(p) = -p**3 - 15*p**2 - 15*p - 17. Determine m(-14).
-3
Let o(l) = l**2 - 14*l + 22. What is o(12)?
-2
Let i(n) = 4*n**3 + 3*n**2 + 2*n + 4. Give i(-3).
-83
Let x(s) = -s**2 - 2*s + 2. What is x(0)?
2
Let n(a) = 2*a**2 - 22*a + 5. Calculate n(9).
-31
Let l(h) = -h**2 + 4*h + 4. Calculate l(3).
7
Let h(k) = k**3 - 21*k**2 + 21*k - 30. Give h(20).
-10
Let f(o) = -3*o + 23. What is f(5)?
8
Let l(b) = b**2 + 3*b - 6. Give l(0).
-6
Let c(d) = 5*d**3 + d**2 - 5*d + 6. Give c(2).
40
Let d(w) = -7*w - 62. Give d(-5).
-27
Let t(y) = 103*y**3 - 1. Calculate t(1).
102
Let h(l) = 12*l**2 + l. Calculate h(-1).
11
Let w(z) = z**3 + 12*z**2 + 9*z - 4. Determine w(-11).
18
Let t(v) = -2*v + 4. Calculate t(-2).
8
Let b(a) = a**3 - 2*a**2 - a - 4. Give b(4).
24
Let f(j) = 11*j - 6. Give f(2).
16
Let n(q) = -12*q**2 + 7. What is n(2)?
-41
Let m(z) = z**3 - 39*z**2 + 73*z + 39. Determine m(37).
2
Let m(v) = -v**3 + 18*v**2 - 47*v + 27. Determine m(15).
-3
Let f(v) = v**2 - 32*v - 103. Calculate f(34).
-35
Let o(m) = 11*m**2 - 1. Calculate o(-1).
10
Let f(p) = -2*p**2 + 2*p + 41. Calculate f(-8).
-103
Let x(t) = -2*t**2 - 9*t + 9. What is x(-8)?
-47
Let z(k) = k**2 + 9*k + 1. What is z(-9)?
1
Let y(v) = -v**3 + 14*v**2 + 16*v - 21. Determine y(15).
-6
Let n(w) = 8*w**2 - 383*w - 50. Calculate n(48).
-2
Let d(a) = -a - 11. Determine d(-14).
3
Let o(v) = -v**2 + v - 17. What is o(0)?
-17
Let i(w) = -11*w - 7. What is i(-2)?
15
Let l(j) = j - 14. Calculate l(14).
0
Let f(w) = 16*w + 24. Calculate f(3).
72
Let k(d) = 4*d**2 - 18*d + 18. Determine k(1).
4
Let v(p) = -2*p + 55. Determine v(14).
27
Let w(f) = f - 4. Calculate w(9).
5
Let s(z) = -z**3 - 6*z**2 + z + 6. What is s(-6)?
0
Let d(g) = -g**3 + 4*g**2 - 5*g + 2. Determine d(3).
-4
Let i(q) = q**2 + 2*q - 7. Calculate i(6).
41
Let y(p) = p**3 + 6*p**2 - 15*p - 89. Calculate y(-6).
1
Let x(c) = -4*c + 44. What is x(9)?
8
Let g(w) = -w**3 + 17*w**2 - 15*w + 3. Determine g(16).
19
Let v(y) = y**2 - 10*y. Give v(8).
-16
Let r(g) = 125*g - 7. What is r(1)?
118
Let t(f) = -10*f + 15. Give t(-7).
85
Let n(f) = -f - 4. Give n(-7).
3
Let s(m) = -2*m**2 - 10*m + 14. What is s(-6)?
2
Let k(y) = -9*y - 40. What is k(-6)?
14
Let b(t) = -2*t**2 + 16*t + 6. Determine b(10).
-34
Let g(f) = f**2 - 19*f + 31. Give g(17).
-3
Let r(g) = 2*g**3 - 5*g - 4. What is r(-2)?
-10
Let m(f) = 11*f + 12. Calculate m(-1).
1
Let h(p) = 20*p + 994. What is h(-50)?
-6
Let n(j) = j**2 + 5*j - 6. Calculate n(-5).
-6
Let v(l) = l**3 + 5*l**2 + 6*l + 6. Calculate v(-5).
-24
Let u(d) = -d**2 + 23*d - 4. Determine u(23).
-4
Let h(z) = -23*z + 11. Determine h(-2).
57
Let f(q) = q + 15. What is f(-7)?
8
Let s(w) = w**2 + 14*w + 45. What is s(-10)?
5
Let q(f) = 2*f**2 - 16*f + 27. What is q(12)?
123
Let j(f) = -18*f**2 - 8*f + 9. Determine j(1).
-17
Let x(b) = 48*b - 246. Calculate x(5).
-6
Let c(q) = -9*q - 7. What is c(0)?
-7
Let b(a) = -a - 12. Calculate b(-5).
-7
Let i(q) = q**3 - 29*q**2 + 55*q - 20. Determine i(27).
7
Let n(v) = 7*v - 31. Give n(6).
11
Let s(m) = 12*m**3 + m**2 - 2*m. Determine s(1).
11
Let q(f) = -2*f**2 - 19*f + 161. Calculate q(6).
-25
Let j(g) = -g**3 + 2*g**2 + 3*g + 2. Determine j(3).
2
Let a(i) = -3*i**2 - 11*i + 3. Calculate a(-4).
-1
Let j(p) = p**3 + 35*p**2 - 72. What is j(-35)?
-72
Let a(g) = -g**3 - 2*g**2 - 4*g - 7. What is a(-5)?
88
Let p(k) = -k**2 + 12*k - 5. Give p(5).
30
Let r(t) = -t**3 - 21*t**2 + 47*t + 18. What is r(-23)?
-5
Let x(p) = 45*p - 130. Determine x(3).
5
Let t(c) = -c - 3. Determine t(2).
-5
Let r(m) = -m**3 - 5*m**2 - m - 2. Determine r(-5).
3
Let m(p) = p**3 + 13*p**2 - 87*p - 1023. What is m(-14)?
-1
Let q(h) = -h**3 - 8*h**2 + 2*h + 10. Calculate q(-8).
-6
Let d(i) = 5*i - 19. Give d(4).
1
Let w(q) = -q**3 - 24*q**2 + 25*q - 45. Calculate w(-25).
-45
Let a(s) = -s**3 - 5*s**2 + 3*s + 7. What is a(-5)?
-8
Let m(i) = -i**3 + 5*i + 4. Determine m(-2).
2
Let g(a) = 2*a + 32. Calculate g(-10).
12
Let v(p) = 3*p**2 - 40*p + 59. Give v(12).
11
Let v(u) = -3*u + 14. Determine v(7).
-7
Let j(q) = -23*q - 4. Determine j(1).
-27
Let g(v) = -2*v**2 + 11*v + 5. What is g(7)?
-16
Let h(q) = q**2 + 3*q - 42. What is h(-10)?
28
Let p(i) = i - 15. Determine p(18).
3
Let b(w) = w - 3. Calculate b(1).
-2
Let i(d) = d**2 - 26*d - 105. Calculate i(-4).
15
Let l(t) = -t**3 + 12*t**2 + 3*t - 13. What is l(12)?
23
Let j(z) = -z**2 + 4*z + 5. Determine j(5).
0
Let a(u) = -16*u - 15. What is a(-4)?
49
Let u(i) = -4*i**2 - 2*i - 2. Calculate u(-2).
-14
Let z(b) = b**2 - 9*b - 6. What is z(-5)?
64
Let l(j) = -j**3 + 16*j**2 + 21*j - 77. Determine l(17).
-9
Let a(l) = -l**2 + 41. What is a(0)?
41
Let h(t) = -t**2 - 17*t + 15. Give h(-18).
-3
Let b(h) = -h**3 + 10*h**2 + 9*h + 26. Give b(11).
4
Let y(g) = -2*g**2 + 2*g - 1. Determine y(-4).
-41
Let l(o) = 2*o**2 - 45*o - 38. Give l(23).
-15
Let o(b) = -2*b**2 - 10*b - 9. What is o(-11)?
-141
Let d(l) = 55*l. Give d(-1).
-55
Let c(j) = -4*j + 28. Give c(7).
0
Let z(o) = o**2 + 91*o + 666. Calculate z(-8).
2
Let l(f) = -4*f + 11. Determine l(0).
11
Let z(k) = -53*k + 479. Give z(9).
2
Let k(w) = w + 1. Determine k(3).
4
Let c(i) = -i**2 + 9*i - 12. Give c(6).
6
Let i(z) = z**2 + 13*z - 15. Calculate i(-12).
-27
Let s(w) = -4*w - 39. What is s(16)?
-103
Let o(x) = -26*x + 52. Calculate o(2).
0
Let h(m) = -2*m**2 + 42*m - 170. Calculate h(5).
-10
Let u(p) = 17*p - 22. Calculate u(-2).
-56
Let v(z) = 7*z - 301. Calculate v(47).
28
Let n(a) = -2*a + 8. Give n(8).
-8
Let h(j) = j**2 - 24*j + 16. Determine h(23).
-7
Let b(x) = -11*x - 15. Give b(-2).
7
Let m(b) = -15*b. Calculate m(-1).
15
Let h(l) = l**3 - 12*l**2 + 24*l + 13. What is h(9)?
-14
Let x(w) = w**3 - 34*w**2 + 45*w + 615. Determine x(32).
7
Let a(j) = -2*j**2 - 12*j - 8. Calculate a(-6).
-8
Let f(r) = 6*r + 25. Determine f(-22).
-107
Let d(v) = v**3 - v**2 + v + 28. Determine d(0).
28
Let g(o) = -o**3 - 9*o**2 - 7*o - 11. What is g(-8)?
-19
Let f(d) = -d**2 + 9*d - 3. What is f(6)?
15
Let k(u) = -4*u**2 + 36*u - 81. Determine k(4).
-1
Let w(f) = -2*f + 66. Determine w(35).
-4
Let b(w) = -3*w**3 + w**2 - 1. Give b(1).
-3
Let j(g) = 16*g + 30. Determine j(-5).
-50
Let d(w) = 2*w**2 - 22*w - 33. Give d(12).
-9
Let d(u) = u**3 - 5*u**2 + 3*u - 13. Determine d(5).
2
Let x(y) = y + 25. Give x(-22).
3
Let x(m) = -7*m - 30. Determine x(-4).
-2
Let m(v) = -5*v + 51. Determine m(10).
1
Let n(r) = -3*r**2 + 20*r - 3. Give n(6).
9
Let v(m) = 2*m**2 - 5*m - 117. Determine v(-6).
-15
Let h(r) = 7*r - 69. What is h(11)?
8
Let k(h) = -h + 1. Determine k(0).
1
Let g(x) = -8*x - 40. Give g(-5).
0
Let x(w) = 82*w**2 + 17*w + 16. What is x(-1)?
81
Let g(v) = 13*v + 87. What is g(-7)?
-4
Let d(k) = 8*k - 23. What is d(4)?
9
Let v(y)